2
What is the units digit of 1315?
5
What is the thousands digit of 5884?
5
What is the hundreds digit of 725?
7
What is the tens digit of 51?
5
What is the hundreds digit of 87368?
3
What is the thousands digit of 14603?
4
What is the tens digit of 107648?
4
What is the thousands digit of 177207?
7
What is the ten thousands digit of 63176?
6
What is the thousands digit of 2404?
2
What is the units digit of 236?
6
What is the hundreds digit of 153234?
2
What is the ten thousands digit of 44605?
4
What is the tens digit of 4861?
6
What is the tens digit of 1469?
6
What is the units digit of 2472?
2
What is the hundreds digit of 232?
2
What is the units digit of 18537?
7
What is the units digit of 1461?
1
What is the tens digit of 3401?
0
What is the units digit of 159?
9
What is the tens digit of 28065?
6
What is the hundreds digit of 609?
6
What is the hundreds digit of 349?
3
What is the hundreds digit of 80047?
0
What is the tens digit of 2338?
3
What is the tens digit of 21455?
5
What is the units digit of 120123?
3
What is the hundreds digit of 902?
9
What is the units digit of 1564?
4
What is the hundreds digit of 2166?
1
What is the tens digit of 1369?
6
What is the hundreds digit of 11989?
9
What is the tens digit of 2972?
7
What is the thousands digit of 10551?
0
What is the units digit of 3522?
2
What is the units digit of 8078?
8
What is the tens digit of 230?
3
What is the ten thousands digit of 31639?
3
What is the hundreds digit of 7097?
0
What is the units digit of 13321?
1
What is the tens digit of 2196?
9
What is the hundreds digit of 7577?
5
What is the units digit of 10112?
2
What is the tens digit of 16702?
0
What is the units digit of 1392?
2
What is the units digit of 9391?
1
What is the units digit of 2701?
1
What is the tens digit of 87547?
4
What is the tens digit of 30735?
3
What is the units digit of 32860?
0
What is the hundreds digit of 1639?
6
What is the units digit of 4703?
3
What is the tens digit of 709?
0
What is the hundreds digit of 193?
1
What is the ten thousands digit of 22368?
2
What is the thousands digit of 3724?
3
What is the tens digit of 3483?
8
What is the units digit of 1146?
6
What is the tens digit of 32?
3
What is the units digit of 502?
2
What is the thousands digit of 2730?
2
What is the hundreds digit of 891?
8
What is the ten thousands digit of 61625?
6
What is the thousands digit of 51873?
1
What is the units digit of 10766?
6
What is the ten thousands digit of 91233?
9
What is the units digit of 7667?
7
What is the hundreds digit of 1712?
7
What is the ten thousands digit of 102652?
0
What is the tens digit of 382?
8
What is the tens digit of 4135?
3
What is the tens digit of 4241?
4
What is the hundreds digit of 1833?
8
What is the tens digit of 13256?
5
What is the units digit of 5481?
1
What is the tens digit of 2089?
8
What is the units digit of 386?
6
What is the tens digit of 145?
4
What is the thousands digit of 3944?
3
What is the units digit of 3599?
9
What is the tens digit of 865?
6
What is the units digit of 27953?
3
What is the thousands digit of 96692?
6
What is the tens digit of 405?
0
What is the hundreds digit of 27560?
5
What is the hundreds digit of 35741?
7
What is the hundreds digit of 5851?
8
What is the thousands digit of 1442?
1
What is the hundreds digit of 437?
4
What is the hundreds digit of 11577?
5
What is the ten thousands digit of 37426?
3
What is the hundreds digit of 6712?
7
What is the thousands digit of 15544?
5
What is the thousands digit of 21398?
1
What is the tens digit of 14339?
3
What is the units digit of 2965?
5
What is the tens digit of 7780?
8
What is the tens digit of 657?
5
What is the thousands digit of 25892?
5
What is the hundreds digit of 1121?
1
What is the tens digit of 6762?
6
What is the thousands digit of 2436?
2
What is the hundreds digit of 43759?
7
What is the tens digit of 25049?
4
What is the units digit of 6107?
7
What is the tens digit of 2042?
4
What is the hundreds digit of 794?
7
What is the tens digit of 484?
8
What is the hundreds digit of 6324?
3
What is the hundreds digit of 110?
1
What is the hundreds digit of 10553?
5
What is the hundreds digit of 18075?
0
What is the units digit of 94395?
5
What is the tens digit of 9684?
8
What is the units digit of 13?
3
What is the tens digit of 7172?
7
What is the thousands digit of 12557?
2
What is the units digit of 15766?
6
What is the units digit of 2940?
0
What is the tens digit of 127?
2
What is the tens digit of 79442?
4
What is the hundreds digit of 1360?
3
What is the hundreds digit of 7620?
6
What is the thousands digit of 50666?
0
What is the tens digit of 113456?
5
What is the units digit of 2110?
0
What is the tens digit of 220?
2
What is the hundreds digit of 12729?
7
What is the units digit of 1518?
8
What is the ten thousands digit of 53653?
5
What is the tens digit of 19320?
2
What is the hundreds digit of 1366?
3
What is the hundreds digit of 1772?
7
What is the tens digit of 828?
2
What is the tens digit of 32340?
4
What is the hundreds digit of 1656?
6
What is the ten thousands digit of 61260?
6
What is the units digit of 769?
9
What is the tens digit of 186?
8
What is the thousands digit of 7483?
7
What is the hundred thousands digit of 166497?
1
What is the units digit of 2848?
8
What is the tens digit of 6065?
6
What is the hundreds digit of 18168?
1
What is the tens digit of 9973?
7
What is the tens digit of 22?
2
What is the units digit of 756?
6
What is the units digit of 62?
2
What is the hundreds digit of 41821?
8
What is the units digit of 190?
0
What is the units digit of 1838?
8
What is the thousands digit of 18163?
8
What is the units digit of 18497?
7
What is the units digit of 878?
8
What is the thousands digit of 3821?
3
What is the hundreds digit of 1468?
4
What is the thousands digit of 6539?
6
What is the thousands digit of 1467?
1
What is the hundreds digit of 2832?
8
What is the hundreds digit of 8810?
8
What is the hundreds digit of 648?
6
What is the thousands digit of 124742?
4
What is the tens digit of 55214?
1
What is the units digit of 66809?
9
What is the tens digit of 2657?
5
What is the units digit of 31816?
6
What is the hundreds digit of 3472?
4
What is the thousands digit of 23798?
3
What is the thousands digit of 2749?
2
What is the hundreds digit of 31511?
5
What is the hundreds digit of 776?
7
What is the tens digit of 6749?
4
What is the units digit of 1787?
7
What is the units digit of 5006?
6
What is the thousands digit of 1515?
1
What is the ten thousands digit of 85619?
8
What is the thousands digit of 2540?
2
What is the tens digit of 1487?
8
What is the ten thousands digit of 17499?
1
What is the hundreds digit of 1897?
8
What is the units digit of 708?
8
What is the thousands digit of 2585?
2
What is the thousands digit of 2613?
2
What is the thousands digit of 2147?
2
What is the units digit of 77?
7
What is the units digit of 1972?
2
What is the units digit of 3749?
9
What is the hundreds digit of 17176?
1
What is the tens digit of 1811?
1
What is the tens digit of 7989?
8
What is the hundreds digit of 899?
8
What is the hundreds digit of 53562?
5
What is the units digit of 84593?
3
What is the ten thousands digit of 20324?
2
What is the thousands digit of 11488?
1
What is the units digit of 16570?
0
What is the thousands digit of 2102?
2
What is the units digit of 33223?
3
What is the hundreds digit of 975?
9
What is the thousands digit of 47490?
7
What is the tens digit of 1533?
3
What is the thousands digit of 17253?
7
What is the units digit of 34452?
2
What is the hundreds digit of 5331?
3
What is the tens digit of 8785?
8
What is the hundreds digit of 18492?
4
What is the hundreds digit of 8972?
9
What is the hundreds digit of 284?
2
What is the tens digit of 12967?
6
What is the tens digit of 208?
0
What is the tens digit of 3617?
1
What is the units digit of 660?
0
What is the units digit of 1313?
3
What is the units digit of 6311?
1
What is the units digit of 155004?
4
What is the hundreds digit of 4862?
8
What is the thousands digit of 66367?
6
What is the units digit of 28026?
6
What is the units digit of 20459?
9
What is the tens digit of 28?
2
What is the hundreds digit of 26335?
3
What is the tens